s (-2 - 28) + 3 + (5 - 10 - 2)?
-34
-6 - (-2 + 1) - (5 - 2 - 2)
-6
What is -4 + -18 + 19 - (-1 - (-12 + -1))?
-15
Calculate (9 - 8) + (1 - (0 - (7 - 2))).
7
Calculate (-35 - -6 - -30) + (-1 - (2 + 14)).
-16
Calculate -4 + 9 - (-8 + 1 - -9).
3
Evaluate 2 - (6 + -5) - (176 + -159).
-16
(-14 - -44 - 13) + (-5 - (2 + -13))
23
What is the value of (0 - -6) + -8 + (2 - (0 + 6))?
-6
Evaluate -1 - (-8 - 1 - -4 - (8 - 1)).
11
What is the value of 7 - (-30 - (-31 - 12))?
-6
19 + 2 + (-15 - -17)
23
1 - (14 + 10 + -31)
8
Evaluate (-1 - -2) + 4 + -17 + 13 + 1.
2
What is (-10 - 0 - (31 + -33)) + 5?
-3
Calculate 3 + 13 - (-73 - -85).
4
What is the value of -13 + -4 + 12 - (1 + -9)?
3
Evaluate 16 - 11 - ((-1 - (-15 - 1)) + 0).
-10
Calculate -11 + 8 + (19 - -1) + (-12 - -14).
19
Calculate 1 - 8 - (13 + (-6 - 12)).
-2
Calculate (-2 + 19 - (-27 - -36)) + 13 + 0.
21
What is the value of 9 + 5 - (-45 + 23 - -4)?
32
21 + -2 + (-2 - 29) - (-2 - 0)
-10
Calculate 47 + -29 + -19 + 6 + -1.
4
What is 1 + 3 - (9 - (-7 + (-16 - -37)))?
9
Calculate -6 + (0 - ((-6 - -1) + 13 + -3)).
-11
What is -5 - 1 - (1 + 12 - (-13 - -19))?
-13
What is the value of -3 - (-7 - -3) - (9 + -4)?
-4
What is the value of -4 - (2 + (-9 + 1 - -3) - 9)?
8
What is (27 - 57) + 29 - 28?
-29
(-6 - -13 - (-10 + 6)) + -5 - 17
-11
What is the value of 1 + -17 - (5 - (3 - 0) - 8)?
-10
0 + 25 - (-44 + 14 - -39) - 1
15
(8 - (0 + 5 + 23)) + 3
-17
What is (12 - 20 - (-1 - -3)) + 7 + 0?
-3
What is the value of (2 - 1) + (23 - 22) + (1 - 1)?
2
(5 - (23 - 22)) + -1
3
What is -9 + -8 + 10 + 4 + -2 + 4?
-1
Evaluate 5 + -17 + 14 + -12.
-10
-35 + 82 - 41 - -25
31
Evaluate (-7 + 15 - (1 + 4)) + (-6 - -9).
6
What is -3 + (-8 + 8 - (-2 - 1)) + -21?
-21
What is 10 - (-6 + 0 - (2 + 7 - 19))?
6
What is (13 - (-10 + -5)) + -13?
15
What is -9 + 49 + -15 - 64?
-39
Evaluate 13 + 36 + -44 - (-1 - -6 - 1).
1
What is the value of 20 + -65 + 36 + -6?
-15
What is 7 - (-5 + 18 + 4 + -7)?
-3
What is the value of -2 - (-2 - 3 - -7 - -6)?
-10
Calculate -6 + 5 + -3 + 2 + 5 + 0.
3
What is (4 - 8 - 2) + 42 + (-1 - 7)?
28
Evaluate 9 + (10 - 17 - (-4 - -7)).
-1
Evaluate 18 + -21 - (2 + 5).
-10
Evaluate -112 - -107 - (3 - (4 + -4)).
-8
What is the value of -4 - (5 - 3 - 6) - (9 - 13)?
4
(-16 - (20 + 7)) + 26
-17
21 + (-11 - -4) - 25
-11
Evaluate (-4 - 1) + 1 - (43 - 26).
-21
What is the value of 20 + (-13 - 13) + 35?
29
Calculate -27 + (-1 - -4) + -9 + (65 - 65).
-33
Calculate -3 + -23 + (10 - (-7 - -10)).
-19
Calculate 0 + 2 + -23 + (11 - -21).
11
What is the value of -5 - 3 - (-15 - -13)?
-6
9 + -3 + -9 + (-2 - 5)
-10
-2 + -6 + -5 - 13
-26
Calculate 25 + 30 + -57 + 4 + 0.
2
(15 - 8) + (0 - -2)
9
What is the value of 8 + -9 + 27 + -4?
22
Calculate -3 - 0 - (12 + -4) - (10 + -3).
-18
Evaluate -10 + (2 - -3 - 2) - (0 + -6).
-1
What is the value of -7 + 2 + -1 + 4 - -23?
21
What is the value of (8 - (32 + -18)) + -6?
-12
What is the value of 5 + (6 - (-8 - (3 - 7)))?
15
What is 26 + ((1 - 6) + 11 - -5) + -10?
27
What is the value of (-4 - -1) + (-1 - 0) + (-94 - -90)?
-8
Calculate 14 - 15 - (-5 - (2 + -2 + -3)).
1
Calculate (-1 - 33) + 1 - -46.
13
What is 53 + (-32 - -25) + -26?
20
What is 4 + (0 - 5) + 80 + -85?
-6
Evaluate 65 + 27 - 48 - 29.
15
-35 + 23 - ((6 - 11) + -3)
-4
What is 44 - ((45 - 42) + 7)?
34
What is 17 + -13 - -5 - 12?
-3
Evaluate 14 + -1 + -3 + -8 - (-1 - -8).
-5
Evaluate -5 + (3 - (-2 - 0) - (-5 - 1)).
6
Evaluate 5 + -12 + (-5 + 4 - -6) - 8.
-10
What is -4 + 3 + 13 + (-23 - (-16 - -12))?
-7
(0 - (21 + -27) - (-4 - 0)) + 0
10
What is -3 + (1 - -6 - (-11 + 27 - 13))?
1
Evaluate -10 + -7 - (77 + -65).
-29
Calculate (-1 - 6 - (-285 + 266)) + 1 + -10.
3
Calculate -2 - (6 + 1) - (-5 - 4).
0
What is (1 - (1 - -6 - 1)) + -1191 + 1191?
-5
-40 + 6 + (-64 - -88)
-10
Calculate -20 - 26 - -3 - -45.
2
What is (1 - -5 - (6 + -19 + 14)) + 12?
17
Calculate 0 + -21 + 5 - -24.
8
Evaluate -2 + 1 + -6 + (34 - 15 - 17).
-5
Evaluate -13 + 5 + 11 + -10 + -5 + -15.
-27
What is the value of -1 + 2 - ((-10 - -17) + -11 + 4)?
1
Calculate (-1 - 0) + 35 + (-3 - 34) + -10.
-13
What is the value of -22 + (-10 - -41) - (4 - -2)?
3
What is -2 + 17 + -11 + -3 + (-12 - -3)?
-8
What is the value of -22 + 10 + 14 - (-6 + 10)?
-2
Evaluate -8 - -29 - (90 + -61).
-8
Calculate 6 + -9 + -12 + 10.
-5
What is -15 - (-1 + (-16 - -15))?
-13
25 + -38 - (3 + -4 - 8)
-4
9 + 1 - (53 - 96 - -36)
17
Calculate (0 - 8) + (25 - (-4 - (3 - 4))).
20
Evaluate 676 + -672 - (1 - 1 - -8).
-4
-4 - 3 - (8 + -2)
-13
Calculate -1 + 5 + 0 - (-7 - (-4 - 2)).
5
What is the value of (-1 - 13) + 10 + (2 - -3 - 12)?
-11
-43 + 60 + -2 + 2
17
Evaluate -1 + 1 - (185 + -188) - -9.
12
What is the value of (1 - (-11 + 5)) + 10 - 3?
14
Calculate -1 - (-4 + 8 + 0 + (-20 - -21)).
-6
What is 50 + -12 + -14 + -2?
22
-4 + (2 - 4) + (-25 - -22) + -1
-10
14 + -77 + 54 + (0 + 0 - -26)
17
What is the value of -1 + (-4 - (3 - (-3 - -8))) + 5?
2
Calculate (-63 - -63) + (-1 - (-1 + 2 + 5)).
-7
What is -4 - (-2 - 1) - (-1 + -6 + 10)?
-4
Calculate 63 + -70 - (5 - 9).
-3
Evaluate -32 - 1 - (-14 - ((18 - 15) + -9)).
-25
Evaluate (-9 - 3) + (3 - 7 - -17).
1
What is the value of -4 + (55 + -46 - (-3 - -1)) + 7?
14
Evaluate -26 - (-1 + -1 - (9 + -1)).
-16
1 - (1 + 13 - (-71 + 58))
-26
What is 4 - (0 + 14 + -16)?
6
Evaluate -11 - -3 - -45 - 10 - 12.
15
Evaluate 1 + (0 - (6 - 7) - 7 - -9).
4
Calculate (-1 - (7 - 17) - 4) + -14 + 1.
-8
What is the value of (-3 + (9 - -1) + 2 - 16) + 41?
34
Evaluate 28 + -34 + -6 + 20 + 12 + 2.
22
Evaluate 14 + -3 + 1 + -75 + 76.
13
Evaluate 2 - (-8 + 2 + 0 + 59 + -62).
11
What is 23 + -16 - 8 - (5 - -5)?
-11
Calculate (-15 - -10) + (-10 + 10 - 2).
-7
What is the value of 21 + (-16 - 2) + 2 - 3?
2
What is the value of 1 + 9 + 7 + -28 + -16?
-27
-7 - ((2 - -11) + -12)
-8
What is the value of -10 + -6 + 18 + -10 - (-10 - 2)?
4
Calculate 2 + 6 + 0 + (108 - 118).
-2
Evaluate 7 + 1 + (77 - 75).
10
What is the value of -44 - -47 - (0 - 18)?
21
What is 8 - (2 + -7 + 17 + -9) - -6?
11
What is -33 + -3 + (59 - 29)?
-6
What is 8 - (9 + (1 + -1 - -2))?
-3
Calculate (-33 - 0 - -1) + 240 + -228.
-20
23 + -26 + -30 + 51
18
What is (1 - -11) + -23 + 36 + -23?
2
Evaluate (-41 - 0) + (28 - 52) + 36.
-29
What is 9 + -4 - (11 + (-14 - -3))?
5
What is the value of 15 - (-32 + 12 + 29)?
6
Calculate 14 + (-7 - 42) + 11.
-24
Evaluate (1 - 6) + (-1 - (7 - (12 - 1))).
-2
Calculate (-1 - 12) + (-11 + 16 - -41).
33
Calculate (-25 - -14) + (1 - -3).
-7
Evaluate 11 + -6 + (-3 - (-4 - -4)).
2
Evaluate -46 - -3 - (-568 + 552).
-27
Calculate -13 - (18 + 2 + -4 - 7).
-22
584 + -588 - (-15 + 1 + 0) - -2
12
-1 + -20 + (289 - 280)
-12
What is -1 + 0 + -15 + 19 + 15?
18
What is the value of -23 + 40 + -27 + -7 + 16?
-1
What is 50 + -46 + (-33 - ((4 - -4) + -2))?
-35
-6 + (-12 + 13 - 0 - -12)
7
What is the value of 0 - (29 + (1 - 1)) - (-4031 + 4022)?
-20
What is the value of -8 + 1 + -33 + (53 - 11) + 35?
37
(1 - (-2 + (-5 - -8))) + -4
-4
0 - (9 - (-4 + (5 - -23)))
15
48 - (23 - (6 + -45))
-14
Calculate (-53 - 9 - -23) + 45.
6
What is -6 - (-5 + (-5 - ((6 - -1) + -15)))?
-4
24 - ((2 - -3) + (-23 - -9) - -7)
26
Calculate -3 + 3 + -6 + 82 + -85 + 6.
-3
What is 7 + -1 - 4 - (15 - 1)?
-12
Evaluate 5 - 1 - (1 + 15 + -14) - -13.
15
Evaluate 6 + 2 + -10 + -7 + 12.
3
Evaluate (-2 - -1) + 1 + -7 - (112 + -112).
-7
What is the value of 0 - (3 - (-5 + 14 - 1))?
5
What is the value of -15 + (30 - (-4 - -13))?
6
What is the value of 1 + (12 - 11) + -1 + -19?
-18
What is the value of -2 + 0 + 3 - 0 - (-188 + 200)?
-11
What is the value of (-4 - -3 - -2) + (-25 - (-2 - 3))?
-19
Calculate 821 + -820 + (1 - (-15 + 1)).
16
(-113 - -103) + 0 + -6
-16
Evaluate 12 - (17 - 14) - 4.
5
Evaluate 1 - (-1 + -4) - (-7 + 14) - 14.
-15
What is (-22 + -12 - (1 + -5)) + (-51 - -58)?
-23
Evaluate 27 - 41 - 25 - -57.
18
What is the value of 24 + -25 + -8 + (2 - 5)?
-12
Evaluate -11 - (-16 + -11 + 26).
-10
3 + (9 - 14) + -4 + 5 + -2
-3
Calculate (11 - 26 - -28) + -13.
0
Evaluate 35 + -3 - (34 + 7 - 32).
23
What is (-16 - (-3 - 7)) + 35 + (6 - 16)?
19
Calculate -16 + 6 + 9 + 12.
11
16 - (-23 + 4) - (1 + 2 - 1)
33
What is the value of -5 + 0 + (-18 + 22 - -3)?
2
Evaluate 1 + -6 + -12 - 4 - 12.
-33
What is the value of -6 - ((2 - -3) + -15)?
4
What is the val